05761?
3
What is the tens digit of 128012221?
2
What is the ten millions digit of 14915465?
1
What is the hundred millions digit of 316083288?
3
What is the tens digit of 50474866?
6
What is the millions digit of 128940909?
8
What is the tens digit of 1999638076?
7
What is the hundred thousands digit of 92109834?
1
What is the units digit of 6948937?
7
What is the hundred millions digit of 790821123?
7
What is the ten thousands digit of 75213306?
1
What is the units digit of 272590669?
9
What is the millions digit of 185145968?
5
What is the hundred millions digit of 4134549809?
1
What is the millions digit of 145289161?
5
What is the thousands digit of 204823730?
3
What is the ten millions digit of 3401204335?
0
What is the thousands digit of 14609374?
9
What is the ten thousands digit of 49486159?
8
What is the thousands digit of 1914256?
4
What is the hundred thousands digit of 225668216?
6
What is the thousands digit of 230683804?
3
What is the hundreds digit of 233786538?
5
What is the millions digit of 120542153?
0
What is the ten thousands digit of 108901767?
0
What is the ten thousands digit of 109623352?
2
What is the thousands digit of 39117457?
7
What is the thousands digit of 122238480?
8
What is the hundred thousands digit of 74185649?
1
What is the millions digit of 39244888?
9
What is the thousands digit of 336036034?
6
What is the units digit of 2466179?
9
What is the hundred thousands digit of 2197668?
1
What is the ten millions digit of 17365323?
1
What is the ten millions digit of 134479175?
3
What is the units digit of 67251119?
9
What is the ten millions digit of 2010098730?
1
What is the hundreds digit of 1350958135?
1
What is the thousands digit of 1594102508?
2
What is the ten thousands digit of 55761957?
6
What is the ten thousands digit of 255581095?
8
What is the tens digit of 200657053?
5
What is the millions digit of 106701034?
6
What is the hundred millions digit of 272350352?
2
What is the ten thousands digit of 78052310?
5
What is the hundred thousands digit of 103671823?
6
What is the ten millions digit of 509503841?
0
What is the hundred thousands digit of 2096537819?
5
What is the tens digit of 452757812?
1
What is the ten thousands digit of 38942112?
4
What is the millions digit of 121639965?
1
What is the hundred millions digit of 2328212049?
3
What is the hundreds digit of 3593463713?
7
What is the hundred thousands digit of 533117831?
1
What is the thousands digit of 271055350?
5
What is the ten millions digit of 23643686?
2
What is the ten millions digit of 114611665?
1
What is the ten millions digit of 1227910552?
2
What is the hundred thousands digit of 1149632646?
6
What is the ten thousands digit of 6329248148?
4
What is the units digit of 934693?
3
What is the thousands digit of 21386704?
6
What is the hundred millions digit of 880686448?
8
What is the hundred thousands digit of 2085341156?
3
What is the hundred thousands digit of 102808455?
8
What is the millions digit of 283384343?
3
What is the units digit of 7158128227?
7
What is the ten thousands digit of 57520572?
2
What is the millions digit of 90757027?
0
What is the thousands digit of 1537317192?
7
What is the ten thousands digit of 283756967?
5
What is the millions digit of 116728073?
6
What is the hundred thousands digit of 63476817?
4
What is the ten thousands digit of 4711852123?
5
What is the hundreds digit of 268408147?
1
What is the millions digit of 2538061803?
8
What is the units digit of 488413425?
5
What is the hundred thousands digit of 816211598?
2
What is the thousands digit of 194603035?
3
What is the ten millions digit of 81035202?
8
What is the tens digit of 1644472518?
1
What is the units digit of 1688835?
5
What is the ten millions digit of 21255779?
2
What is the units digit of 4185237040?
0
What is the units digit of 98017244?
4
What is the ten millions digit of 32396911?
3
What is the tens digit of 156092916?
1
What is the hundred millions digit of 4956222987?
9
What is the ten millions digit of 969667730?
6
What is the millions digit of 17160588?
7
What is the ten millions digit of 91204401?
9
What is the units digit of 35140837?
7
What is the ten millions digit of 208487079?
0
What is the units digit of 24083372?
2
What is the hundred millions digit of 1463019069?
4
What is the hundred thousands digit of 217135511?
1
What is the tens digit of 513699661?
6
What is the hundred thousands digit of 1169139827?
1
What is the millions digit of 634936644?
4
What is the units digit of 2565508948?
8
What is the billions digit of 1086163222?
1
What is the tens digit of 52079415?
1
What is the millions digit of 180649721?
0
What is the tens digit of 158093261?
6
What is the hundreds digit of 47328054?
0
What is the tens digit of 406707064?
6
What is the millions digit of 20066847?
0
What is the ten millions digit of 760181028?
6
What is the billions digit of 1280742689?
1
What is the ten millions digit of 219709588?
1
What is the hundred millions digit of 185866204?
1
What is the hundred millions digit of 918662537?
9
What is the tens digit of 714156532?
3
What is the hundreds digit of 242030256?
2
What is the hundred thousands digit of 32114491?
1
What is the units digit of 1628941073?
3
What is the ten thousands digit of 203066698?
6
What is the billions digit of 5520547636?
5
What is the tens digit of 132035233?
3
What is the hundred thousands digit of 278094765?
0
What is the ten millions digit of 53150565?
5
What is the ten thousands digit of 288274758?
7
What is the tens digit of 2451644375?
7
What is the hundred millions digit of 791188781?
7
What is the hundred millions digit of 2196495395?
1
What is the tens digit of 1187646750?
5
What is the tens digit of 502143364?
6
What is the hundreds digit of 405230326?
3
What is the thousands digit of 58991746?
1
What is the hundred thousands digit of 4187737735?
7
What is the hundreds digit of 239005051?
0
What is the hundreds digit of 150722675?
6
What is the hundreds digit of 934754026?
0
What is the units digit of 717913369?
9
What is the tens digit of 206610382?
8
What is the units digit of 667069?
9
What is the millions digit of 725179815?
5
What is the thousands digit of 130643474?
3
What is the ten millions digit of 144523987?
4
What is the hundred millions digit of 3406228737?
4
What is the ten millions digit of 84160480?
8
What is the ten millions digit of 299931016?
9
What is the billions digit of 1586680003?
1
What is the tens digit of 53910520?
2
What is the hundred millions digit of 206739756?
2
What is the tens digit of 134740068?
6
What is the thousands digit of 4344761?
4
What is the thousands digit of 116331995?
1
What is the ten millions digit of 64124852?
6
What is the ten thousands digit of 93139221?
3
What is the billions digit of 2351650601?
2
What is the millions digit of 96450598?
6
What is the thousands digit of 21064837?
4
What is the ten thousands digit of 339288337?
8
What is the ten thousands digit of 1002979343?
7
What is the hundreds digit of 59293399?
3
What is the hundred millions digit of 130913798?
1
What is the thousands digit of 20984068?
4
What is the millions digit of 24274309?
4
What is the ten millions digit of 357304372?
5
What is the hundreds digit of 30503051?
0
What is the millions digit of 746387491?
6
What is the units digit of 405660551?
1
What is the millions digit of 63151694?
3
What is the hundred thousands digit of 167042342?
0
What is the hundred thousands digit of 35000892?
0
What is the hundred millions digit of 210795426?
2
What is the ten thousands digit of 46114189?
1
What is the units digit of 32970969?
9
What is the thousands digit of 7382793?
2
What is the units digit of 22577209?
9
What is the hundreds digit of 517948225?
2
What is the units digit of 2421259?
9
What is the millions digit of 4702870?
4
What is the ten millions digit of 94627333?
9
What is the ten thousands digit of 50692508?
9
What is the hundred thousands digit of 168888962?
8
What is the ten thousands digit of 43266177?
6
What is the ten thousands digit of 3697897585?
9
What is the ten millions digit of 55253043?
5
What is the hundred thousands digit of 50235409?
2
What is the thousands digit of 21699360?
9
What is the hundred millions digit of 